-1)?
-1
Let c(y) = -y - 10 + 2*y - 2*y. Let b be c(-8). Let s(t) = -t**2 + 3 + 3 + 4*t - 2*t**3 - 3. Give s(b).
7
Suppose 3*b + 5*x = -2*b + 5, -5 = -3*b - x. Let p(j) = j - 3. Let a be p(7). Let l(t) = -t**3 - 2*t**b - a + 2 + t + 1. What is l(-2)?
-3
Suppose 5*c = -5*j + 9 + 1, -4*j + 8 = c. Suppose 4*f - 8 = -c. Let p(z) = f*z + 6 + 3*z + 2*z**2 - z**2. What is p(-5)?
6
Let u(w) be the second derivative of -3*w**3/2 - w. Let z = 18 - 17. Give u(z).
-9
Suppose x - 2*x + 29 = -5*h, 2*h - 4*x = -26. Let z(b) = b**3 + 5*b**2 + 4. What is z(h)?
4
Let q(u) = -6*u. Suppose -4*t + 7*t - 51 = 0. Suppose 3*h + t = -5*j, -2*h - 5*j + 13 = 31. Calculate q(h).
-6
Suppose -4 = -3*u + 11. Suppose 8 + 7 = u*f + 2*p, 4*p + 15 = 5*f. Let y(c) = 2*c**2 - 2*c - 2. What is y(f)?
10
Suppose 0 = -4*b - 2*d - 18, 5*d + 11 = -b + 2. Let f(u) be the first derivative of u**3/3 + 3*u**2 - u + 12. Give f(b).
-9
Let u(i) be the first derivative of -i**4/4 + 7*i**3/3 - 7*i**2/2 + 4*i + 2. Let m = 18 + -7. Let x = m - 5. Calculate u(x).
-2
Suppose 2*f + 0*f - 54 = 0. Let b(r) = 4*r + f + 2*r - r**2 - 34. Calculate b(6).
-7
Let i(k) = -k**3 + k**2 + k. Let z(t) = t**3 + 6*t**2 + 6*t. Let f(x) = 5*i(x) - z(x). Give f(-1).
6
Let y(q) be the first derivative of -1/3*q**3 - q + 0*q**2 - 2. What is y(3)?
-10
Let w(x) = 2*x - 8. Suppose q + 0*q = 5*o + 36, -5*o - 3 = 2*q. Calculate w(q).
14
Let m = 40 + -42. Let o(k) = 1 - k**3 + 2 + k**2 + 2*k + 2*k. Calculate o(m).
7
Let r(g) = -9*g + 7. Let a(l) = 8*l + 23. Let n(f) = 3*f + 8. Let m(b) = 6*a(b) - 17*n(b). Let x(i) = 8*m(i) - 3*r(i). Determine x(5).
10
Let y = 15 + -9. Let m(a) = a**3 - 7*a**2 + 6*a - 2. What is m(y)?
-2
Suppose -14 = -2*g + r, -2*g - 3*r + 26 = 2*r. Let b(q) = q**2 - 6*q + 8. Let i be b(g). Suppose -4*j + 8 = i. Let x(z) = z**2 + 5*z + 5. Determine x(j).
1
Let d(g) = 6*g**3. Suppose 0 = 3*p + p. Let j = p + 1. What is d(j)?
6
Let j(b) = 4 + b**2 + b - 5*b**2 - 5. Let u be (-2 - -1)*(-1 + 0). Give j(u).
-4
Let w(k) be the first derivative of k**6/120 - k**4/12 - k**3/6 + 2*k**2 + 2. Let f(b) be the second derivative of w(b). Calculate f(2).
3
Let c(z) = z - 3. Let h be c(6). Let t(n) be the second derivative of -n**3/3 + 4*n. Determine t(h).
-6
Suppose -2*i = -4*u - 8, -1 = 5*u + i + 2. Let g(f) be the first derivative of 4/3*f**3 + 0*f**2 + 4 + 0*f. Calculate g(u).
4
Let s(z) be the third derivative of -z**6/360 - z**5/120 - z**4/8 - 3*z**2. Let t(p) be the second derivative of s(p). What is t(-1)?
1
Let n(h) = -h + 3. Let t(x) = 2*x - 6. Let k(z) = 13*n(z) + 6*t(z). Calculate k(9).
-6
Let w(t) be the first derivative of t**2/2 - 8*t + 8. Determine w(0).
-8
Let k(z) = z**2 + 4*z. Let c be k(-5). Suppose -3*r + c = -3*f + f, -f = -r. Let m(v) = v**3 - 4*v**2 - 5*v + 4. Calculate m(r).
4
Let v(a) = -5*a**2 + 10*a - 3. Let l(k) = -3*k**2 - 11*k + 8. Let z(o) = o**2 + o - 1. Let h(j) = l(j) + 6*z(j). Let x(d) = 7*h(d) + 4*v(d). What is x(-3)?
-4
Suppose 0*q + 8 = 2*q. Let v(c) = 0*c - 6 - q*c - 1 + 3*c. Determine v(-4).
-3
Let n(m) = -2*m**2 - 3*m + 2. Let x(h) = -h**2 - 7*h - 9. Suppose -4*t - 6 = 5*a + 7, t = a + 8. Suppose -t = f + 3. Let s be x(f). What is n(s)?
-7
Let r(g) = 2*g**3 + 3*g**2 + 4*g + 10. Let z(s) = -s**3 - 2*s**2 - 2*s - 5. Let k(c) = 3*r(c) + 7*z(c). Calculate k(-5).
5
Let g(v) be the first derivative of v**4/4 - 2*v**3/3 - 2*v + 1. Calculate g(2).
-2
Let t(o) = -9*o - 1. Suppose -4*w + 3 = 2*q + w, 0 = q + 4*w - 3. Determine t(q).
8
Let y(t) be the second derivative of 4*t + 0 - 9/2*t**2 + 1/3*t**3. Suppose 2*j = c - 0*c + 10, -22 = -3*j - 2*c. What is y(j)?
3
Let b(p) = -5*p - 153*p**2 - 154*p**2 + 308*p**2. Let s(j) = -j**2 + 3*j + 5. Let n be s(5). Let g = 9 + n. Determine b(g).
-4
Suppose 2*x - 28 = -5*z, -4*x + 26 = -0*x - 5*z. Let k = -8 + x. Let y(n) = n**2 - 2*n + 1. Calculate y(k).
0
Let q(p) = p**3 - 2*p**2 - 2*p - 1. Let h be q(3). Let i(u) = -3*u**h + 2*u + 2*u**2 - u**3 + 0*u - 3*u**2 + 4. What is i(-4)?
-4
Let b(h) = h**2 - 9*h + 8. Suppose 12*f = 7*f + 20. Suppose 22 = 5*c - f*g, 4*c + 4*g + 2 = -2. Suppose -3*w + 30 = c*w. Give b(w).
-10
Let w(o) = o**3 - 3*o**2 - 3. Let h(m) = -m - 3. Let a be h(5). Let p be (-140)/(-44) + a/44. Give w(p).
-3
Suppose -l = 3*l - 20. Let u(s) = 8 - 23*s - 35*s - 2 + 57*s. Calculate u(l).
1
Let v be (-2)/((-7)/((-63)/(-6))). Let x(z) = 1 - 6*z**2 - 4*z**v + 5*z**3 + 13*z**2. Give x(-7).
1
Let n(f) be the first derivative of f**2/2 - 3*f - 2. Let c = -8 - -12. Give n(c).
1
Let y(b) be the first derivative of b**4/4 + 5*b**3/3 - 3*b**2 + 8*b - 15. What is y(-6)?
8
Suppose 3*q - 3*j + 27 = -q, 2*q - 14 = -4*j. Let l = q - -5. Let z(n) = -l*n**2 - 2*n - 6 + 2 + n**2. Calculate z(-3).
-7
Let a(l) = l**3 + 5*l**2 - l - 5. Let n be a(-5). Suppose 3*f - 14 + 2 = n. Let t(u) be the first derivative of u**2 - 3*u - 5. Determine t(f).
5
Let w(i) = 5*i**3 + 4*i**2 - 4*i + 3. Let k(v) = 5*v**3 + 5*v**2 - 5*v + 4. Let s(y) = 3*k(y) - 4*w(y). Determine s(1).
-5
Let m(a) be the second derivative of -a**5/20 - a**4/4 + 7*a**3/6 + 3*a**2 + 6*a. Let t = 7 - 11. What is m(t)?
-6
Let b(g) = -4*g**2 - 5*g - 7. Let u(i) = -3*i. Let p be u(-1). Let n(h) = -7*h**2 - 10*h - 14. Let c(t) = p*n(t) - 5*b(t). What is c(-5)?
-7
Let b = -1 + -1. Let w = 5 - 3. Let q(i) = 0 + i**2 + 3*i - i + w. Determine q(b).
2
Let u(q) = -q**3 + 6*q**2 - 6*q - 1. Let x be u(5). Let g(c) = c**2 + 7*c + 8. Calculate g(x).
2
Suppose 0 = -2*o - 4*z - 2, 4*z = 5*o - z - 25. Let y be 1 + 4 + (-5)/5. Let v(q) = q**2 - y*q - q + q + q**2. Calculate v(o).
6
Let z(b) = 3*b - 3. Let p be z(3). Let q(h) = -6*h + 3*h**3 + 7*h**2 + 6 + 5*h - 7*h - 4*h**3. Calculate q(p).
-6
Let p(o) be the second derivative of -7*o**4/12 + o**3/6 - 2*o. Determine p(1).
-6
Let l(c) = -c**2 - c + 3. Let j be l(-3). Let p(v) = 2 + 2*v + 2*v**2 + 0*v**3 + v**3 + 2*v**2. Calculate p(j).
5
Let m(b) be the first derivative of b**3/3 - 3*b**2 + 6*b + 4. Suppose 1 = -2*j + 11. Give m(j).
1
Let q = 14 - 9. Let t(d) = -d - 6. Determine t(q).
-11
Let i(o) = 2*o - 6. Let t be i(4). Let p be 0 + t - (0 + -1). Let j(d) be the third derivative of -d**4/8 + d**3/3 - d**2. What is j(p)?
-7
Let x(c) = 5*c**2 + 8*c + 5. Let z(f) = f**2 - 1. Let i(d) = -x(d) + 6*z(d). Determine i(8).
-11
Let f(y) = -y + 13. Suppose 3*k + 2*c = 39, -5*k + 4*c = c - 84. Suppose 6*s = 51 - k. Give f(s).
7
Let a(k) be the second derivative of -1/2*k**2 + 0 - 1/3*k**3 - k + 1/4*k**4. Determine a(-1).
4
Let c(b) = b**3 - 3*b**2 - 2*b + 1. Suppose -17 = 3*t + a, -5*t - 2*a = -2*t + 22. Let g = t + 5. Suppose 0 = -o + p - g, 2*p - 26 = -5*o - 3. What is c(o)?
-5
Let n(d) = -d**3 - 4*d**2 - 5*d - 4. Suppose i = -i + 6. Suppose -p + 6 = -i*p. What is n(p)?
2
Suppose -5*s - i + 6*i - 5 = 0, -i - 2 = 0. Let g(w) = -w - 1. Let z(l) = -l. Let p(c) = 3*g(c) - 4*z(c). Calculate p(s).
-6
Let k(i) = -i - 5 + 0 + 0 - 1. Calculate k(-5).
-1
Suppose -91 + 36 = 5*g. Let a = g + 16. Let k(o) be the third derivative of o**5/60 - o**4/4 + 7*o**3/6 + 2*o**2. What is k(a)?
2
Suppose 0 = 2*x + 2*n - 0 - 2, 4 = -2*n. Let q(o) = -o**3 + 2*o**2 + 3*o + 4. Determine q(x).
4
Let r(t) = -2*t - 3. Suppose -i = -0*i. Let z be (6 - i)/((-3)/(-2)). What is r(z)?
-11
Suppose 3*y = -0*y + 9. Let r(l) = 2*l**2 + 20*l + 20. Let g be r(-9). Let d(b) = -4*b + y*b + g - 3*b + 2*b. What is d(5)?
-8
Let b = 19 - 12. Let t(m) = -m**3 + 7*m**2 - 9. Determine t(b).
-9
Let j(l) = -l**2 + 6*l - 4. Let b be (48/30)/((-2)/(-5)). Let t be j(b). Suppose -1 = -4*i - 2*o - 3, 4*o + t = -5*i. Let p(u) = -u**2 + u + 1. Calculate p(i).
1
Let h(p) = 4*p + 6. Let k(o) = -12*o - 17. Let x(l) = -17*h(l) - 6*k(l). Let i(c) = -c. Let w(v) = -9*i(v) - 2*x(v). What is w(1)?
1
Suppose 0 = -7*d + 4*d + 15, -2*q + 5 = d. Let b(u) = u**3 - u**2 + u - 5. Let z(l) = -l**2 + l + 1. Let x(f) = -b(f) + z(f). Determine x(q).
6
Let q(y) = -7*y**2 - 1. Let j be ((-2)/(-2))/(2/2). Determine q(j).
-8
Let q(x) = x**3 + 4*x**2 - 3*x + 4. Suppose 3*y - 15 = -30. Calculate q(y).
-6
Let o(m) = -m - 15. Let p = -53 + 42. Determine o(p).
-4
Let i(d) = -d**2 - d - 1. Suppose 5*f - 17 = 3*m, 9 - 28 = m - 5*f. Suppose l + 3 + m = 0. Calculate i(l).
-13
Let c(l) = l**3 + 5*l**2 + l + 1. Let q(u) = -u**3 + 4*u**2 - 2*u - 2. Let t be q(2). Suppose